13192868?
3
What is the ten millions digit of 2647408491?
4
What is the hundreds digit of 76622090?
0
What is the ten thousands digit of 707179273?
7
What is the thousands digit of 5510541626?
1
What is the ten millions digit of 768076087?
6
What is the millions digit of 44361025?
4
What is the units digit of 154776372?
2
What is the hundred thousands digit of 12905691?
9
What is the ten millions digit of 930725361?
3
What is the ten thousands digit of 4423254705?
5
What is the hundred thousands digit of 1681174477?
1
What is the ten millions digit of 3139538614?
3
What is the tens digit of 603011501?
0
What is the hundred thousands digit of 66175076?
1
What is the millions digit of 333551784?
3
What is the hundreds digit of 3937664874?
8
What is the hundreds digit of 146953794?
7
What is the hundred millions digit of 217961752?
2
What is the hundreds digit of 2267578230?
2
What is the ten thousands digit of 2099487151?
8
What is the units digit of 3071379812?
2
What is the hundred thousands digit of 79812810?
8
What is the hundreds digit of 7752644816?
8
What is the tens digit of 196465919?
1
What is the millions digit of 2814975199?
4
What is the ten thousands digit of 985883669?
8
What is the ten thousands digit of 180479410?
7
What is the units digit of 144791043?
3
What is the hundred thousands digit of 29760163?
7
What is the ten thousands digit of 773217306?
1
What is the billions digit of 8830629735?
8
What is the hundreds digit of 71524880?
8
What is the ten thousands digit of 107707412?
0
What is the ten thousands digit of 120222461?
2
What is the billions digit of 1532548766?
1
What is the hundred millions digit of 238155641?
2
What is the thousands digit of 63136708?
6
What is the ten thousands digit of 694875297?
7
What is the hundred thousands digit of 393970169?
9
What is the ten millions digit of 475599323?
7
What is the hundreds digit of 81984246?
2
What is the ten thousands digit of 303491064?
9
What is the millions digit of 490597387?
0
What is the tens digit of 1115605646?
4
What is the hundreds digit of 2954066021?
0
What is the tens digit of 21297808?
0
What is the tens digit of 822319450?
5
What is the billions digit of 4581199055?
4
What is the tens digit of 568513261?
6
What is the hundred thousands digit of 1611495740?
4
What is the millions digit of 211623278?
1
What is the billions digit of 1752094365?
1
What is the hundred thousands digit of 5721927595?
9
What is the thousands digit of 48898958?
8
What is the hundred millions digit of 577644706?
5
What is the ten thousands digit of 794139770?
3
What is the hundred thousands digit of 1031287213?
2
What is the ten thousands digit of 14837400?
3
What is the tens digit of 702528646?
4
What is the thousands digit of 4094495093?
5
What is the millions digit of 6555546?
6
What is the ten millions digit of 60221152?
6
What is the tens digit of 762582302?
0
What is the hundred millions digit of 5199145974?
1
What is the ten millions digit of 243443827?
4
What is the tens digit of 793823215?
1
What is the ten thousands digit of 73801953?
0
What is the ten millions digit of 94101898?
9
What is the hundred millions digit of 1941248581?
9
What is the thousands digit of 143580484?
0
What is the tens digit of 104112985?
8
What is the ten millions digit of 94929916?
9
What is the thousands digit of 1532994185?
4
What is the hundred millions digit of 2049172712?
0
What is the thousands digit of 19743498?
3
What is the tens digit of 804843415?
1
What is the hundred millions digit of 169160267?
1
What is the billions digit of 1231024185?
1
What is the millions digit of 6630666702?
0
What is the hundred millions digit of 711148402?
7
What is the hundreds digit of 1647573417?
4
What is the hundreds digit of 88698760?
7
What is the tens digit of 2417605066?
6
What is the hundreds digit of 15228673?
6
What is the units digit of 162143588?
8
What is the millions digit of 195306873?
5
What is the ten thousands digit of 44725829?
2
What is the units digit of 301626761?
1
What is the hundreds digit of 32031712?
7
What is the ten millions digit of 81578125?
8
What is the ten millions digit of 3106433706?
0
What is the units digit of 560122067?
7
What is the thousands digit of 35049771?
9
What is the millions digit of 1247320?
1
What is the thousands digit of 3446868864?
8
What is the hundred millions digit of 466990916?
4
What is the hundreds digit of 155640153?
1
What is the thousands digit of 70622767?
2
What is the hundred thousands digit of 6081524690?
5
What is the ten thousands digit of 42593241?
9
What is the ten thousands digit of 37056945?
5
What is the tens digit of 481921682?
8
What is the ten thousands digit of 45712104?
1
What is the ten thousands digit of 223937657?
3
What is the hundreds digit of 689419848?
8
What is the thousands digit of 64652150?
2
What is the ten thousands digit of 258534577?
3
What is the millions digit of 1068876173?
8
What is the thousands digit of 519700163?
0
What is the millions digit of 9864296?
9
What is the tens digit of 1045662521?
2
What is the units digit of 546350875?
5
What is the units digit of 345011957?
7
What is the hundred millions digit of 199826745?
1
What is the ten thousands digit of 1870151349?
5
What is the hundred millions digit of 155232859?
1
What is the thousands digit of 3115765395?
5
What is the tens digit of 449090915?
1
What is the hundred thousands digit of 93086233?
0
What is the tens digit of 528616117?
1
What is the tens digit of 887643492?
9
What is the units digit of 117474954?
4
What is the ten thousands digit of 202020458?
2
What is the hundreds digit of 337746646?
6
What is the units digit of 27706061?
1
What is the hundreds digit of 33160510?
5
What is the hundred thousands digit of 2010292497?
2
What is the billions digit of 5644211288?
5
What is the thousands digit of 752596578?
6
What is the millions digit of 1697887276?
7
What is the ten millions digit of 59478480?
5
What is the ten millions digit of 276781147?
7
What is the ten millions digit of 6819088124?
1
What is the hundred thousands digit of 360026734?
0
What is the tens digit of 34358138?
3
What is the ten thousands digit of 294723818?
2
What is the hundred thousands digit of 561034552?
0
What is the hundred millions digit of 2764443927?
7
What is the hundreds digit of 75071756?
7
What is the hundred millions digit of 114047269?
1
What is the units digit of 568712452?
2
What is the thousands digit of 52424262?
4
What is the units digit of 854703261?
1
What is the millions digit of 6548314265?
8
What is the thousands digit of 3494851260?
1
What is the millions digit of 1945201286?
5
What is the hundred millions digit of 4257954932?
2
What is the hundred thousands digit of 116734342?
7
What is the millions digit of 110628423?
0
What is the hundred thousands digit of 8919779?
9
What is the millions digit of 15856021?
5
What is the hundred thousands digit of 730961988?
9
What is the thousands digit of 87729349?
9
What is the millions digit of 84346862?
4
What is the thousands digit of 31591324?
1
What is the hundreds digit of 31674921?
9
What is the ten millions digit of 211249730?
1
What is the thousands digit of 6140219?
0
What is the ten thousands digit of 75506014?
0
What is the hundred thousands digit of 692338781?
3
What is the hundred thousands digit of 3832356721?
3
What is the hundred thousands digit of 12613208?
6
What is the hundreds digit of 31747298?
2
What is the billions digit of 4746757376?
4
What is the hundred thousands digit of 59046101?
0
What is the ten thousands digit of 323897252?
9
What is the hundred thousands digit of 3237921879?
9
What is the ten millions digit of 4392224576?
9
What is the millions digit of 687918290?
7
What is the ten thousands digit of 96731530?
3
What is the thousands digit of 36523359?
3
What is the millions digit of 11488959?
1
What is the ten millions digit of 1582613351?
8
What is the hundreds digit of 1611927?
9
What is the thousands digit of 667243910?
3
What is the hundred thousands digit of 15896353?
8
What is the hundreds digit of 1305496460?
4
What is the hundreds digit of 5138791674?
6
What is the ten thousands digit of 659453291?
5
What is the hundred thousands digit of 71021014?
0
What is the 